{"id":39,"date":"2026-01-30T09:58:00","date_gmt":"2026-01-30T09:58:00","guid":{"rendered":"https:\/\/tropitech.cloud\/?page_id=39"},"modified":"2026-02-04T07:35:01","modified_gmt":"2026-02-04T07:35:01","slug":"automatisation-ia","status":"publish","type":"page","link":"https:\/\/tropitech.cloud\/eng\/automatisation-ia\/","title":{"rendered":"AI automation"},"content":{"rendered":"<h1>Automatisation IA pour gagner du temps et scaler plus vite<\/h1>\n<h2>Nous connectons vos outils et automatisons vos t\u00e2ches r\u00e9p\u00e9titives avec<br \/>\ndes workflows fiables, pens\u00e9s pour les PME et startups.<br \/>\n<\/p>\n<li data-start=\"1874\" data-end=\"1913\">\n<p data-start=\"1876\" data-end=\"1913\">De nombreuses heures \u00e9conomis\u00e9es<\/p>\n<\/li>\n<li data-start=\"1914\" data-end=\"1952\">\n<p data-start=\"1916\" data-end=\"1952\">Moins d\u2019erreurs, plus de fiabilit\u00e9<\/p>\n<\/li>\n<li data-start=\"1953\" data-end=\"1993\">\n<p data-start=\"1955\" data-end=\"1993\">D\u00e9ploiement rapide, approche modulaire<\/p>\n<\/li>\n<\/h2>\n<p>\t\t\t\t\t\t\t\t\t\t<a href=\"#\"><br \/>\n\t\t\t\t\t\t\t\t\tBook an AI Audit<br \/>\n\t\t\t\t\t<\/a><br \/>\n\t\t\t\t\t\t\t\t\t\t\t\t\t\t<a href=\"https:\/\/tropitech.cloud\/eng\/elementor-page-85\/\"><br \/>\n\t\t\t\t\t\t\t\t\tExplorez les Modules IA<br \/>\n\t\t\t\t\t<\/a><\/p>\n<h2>Agents IA &amp; Workflows intelligent :<\/h2>\n<p>Automatisez vos processus m\u00e9tier, r\u00e9duisez les t\u00e2ches r\u00e9p\u00e9titives et gagnez du temps \u00e0 valeur forte ajout\u00e9e.<\/p>\n<p>\t\t\t\t\t\t\t\t<a href=\"https:\/\/tropitech.cloud\/eng\/automatisation-ia\/\"><br \/>\n\t\t\t\t\t\t\t\t\tVoir les Modules d&rsquo;automatisation<br \/>\n\t\t\t\t\t<\/a><\/p>\n<h2>Cr\u00e9ation web:<\/h2>\n<p>Des sites rapides, modernes et optimis\u00e9s pour convertir vos visiteurs en clients.<\/p>\n<p>\t\t\t\t\t\t\t\t<a href=\"https:\/\/tropitech.cloud\/eng\/creation-site-web\/\"><br \/>\n\t\t\t\t\t\t\t\t\tVoir les Modules web et conversions<br \/>\n\t\t\t\t\t<\/a><\/p>\n<h2>Conseil Strat\u00e9gique IA:<\/h2>\n<p>Chaque entreprise est unique. Nos services s&rsquo;appuient sur des modules combinables selon vos besoins r\u00e9els.<\/p>\n<p>\t\t\t\t\t\t\t\t<a href=\"https:\/\/tropitech.cloud\/eng\/elementor-page-85\/\"><br \/>\n\t\t\t\t\t\t\t\t\tVoir tous les Modules IA<br \/>\n\t\t\t\t\t<\/a><br \/>\n\t\t\t<a href=\"https:\/\/www.facebook.com\/tropitech.cloud\/\"><br \/>\n\t\t\t<svg aria-hidden=\"true\" viewbox=\"0 0 448 512\" xmlns=\"http:\/\/www.w3.org\/2000\/svg\"><path d=\"M400 32H48A48 48 0 0 0 0 80v352a48 48 0 0 0 48 48h137.25V327.69h-63V256h63v-54.64c0-62.15 37-96.48 93.67-96.48 27.14 0 55.52 4.84 55.52 4.84v61h-31.27c-30.81 0-40.42 19.12-40.42 38.73V256h68.78l-11 71.69h-57.78V480H400a48 48 0 0 0 48-48V80a48 48 0 0 0-48-48z\"><\/path><\/svg>\t\t\t<\/a><br \/>\n\t\t\t<svg aria-hidden=\"true\" viewbox=\"0 0 448 512\" xmlns=\"http:\/\/www.w3.org\/2000\/svg\"><path d=\"M224 122.8c-72.7 0-131.8 59.1-131.9 131.8 0 24.9 7 49.2 20.2 70.1l3.1 5-13.3 48.6 49.9-13.1 4.8 2.9c20.2 12 43.4 18.4 67.1 18.4h.1c72.6 0 133.3-59.1 133.3-131.8 0-35.2-15.2-68.3-40.1-93.2-25-25-58-38.7-93.2-38.7zm77.5 188.4c-3.3 9.3-19.1 17.7-26.7 18.8-12.6 1.9-22.4.9-47.5-9.9-39.7-17.2-65.7-57.2-67.7-59.8-2-2.6-16.2-21.5-16.2-41s10.2-29.1 13.9-33.1c3.6-4 7.9-5 10.6-5 2.6 0 5.3 0 7.6.1 2.4.1 5.7-.9 8.9 6.8 3.3 7.9 11.2 27.4 12.2 29.4s1.7 4.3.3 6.9c-7.6 15.2-15.7 14.6-11.6 21.6 15.3 26.3 30.6 35.4 53.9 47.1 4 2 6.3 1.7 8.6-1 2.3-2.6 9.9-11.6 12.5-15.5 2.6-4 5.3-3.3 8.9-2 3.6 1.3 23.1 10.9 27.1 12.9s6.6 3 7.6 4.6c.9 1.9.9 9.9-2.4 19.1zM400 32H48C21.5 32 0 53.5 0 80v352c0 26.5 21.5 48 48 48h352c26.5 0 48-21.5 48-48V80c0-26.5-21.5-48-48-48zM223.9 413.2c-26.6 0-52.7-6.7-75.8-19.3L64 416l22.5-82.2c-13.9-24-21.2-51.3-21.2-79.3C65.4 167.1 136.5 96 223.9 96c42.4 0 82.2 16.5 112.2 46.5 29.9 30 47.9 69.8 47.9 112.2 0 87.4-72.7 158.5-160.1 158.5z\"><\/path><\/svg>\t\t\t<\/p>\n<p><strong>Nous contacter:<\/strong><\/p>\n<p><strong>mail: <a href=\"mailto:steffie@tropitech.cloud\">steffie@tropitech.cloud<\/a><\/strong><\/p>\n<p><strong>whatsapp: +230 52 53 81 58<\/strong><\/p>\n<p>\u00a0 \u00a0 \u00a0 \u00a0 \u00a0 \u00a0 \u00a0 \u00a0 \u00a0 \u00a0<strong>+33 7 44 80 92 02<\/strong><\/p>\n<p><strong>Grand baie, Ile Maurice<\/strong><\/p>","protected":false},"excerpt":{"rendered":"<p>Automatisation IA pour gagner du temps et scaler plus vite Nous connectons vos outils et automatisons vos t\u00e2ches r\u00e9p\u00e9titives avec des workflows fiables, pens\u00e9s pour les PME et startups. De nombreuses heures \u00e9conomis\u00e9es Moins d\u2019erreurs, plus de fiabilit\u00e9 D\u00e9ploiement rapide, approche modulaire R\u00e9servez un Audit IA Explorez les Modules IA Agents IA &amp; Workflows intelligent [&hellip;]<\/p>\n","protected":false},"author":1,"featured_media":0,"parent":0,"menu_order":0,"comment_status":"closed","ping_status":"closed","template":"","meta":{"footnotes":""},"class_list":["post-39","page","type-page","status-publish","hentry"],"_links":{"self":[{"href":"https:\/\/tropitech.cloud\/eng\/wp-json\/wp\/v2\/pages\/39","targetHints":{"allow":["GET"]}}],"collection":[{"href":"https:\/\/tropitech.cloud\/eng\/wp-json\/wp\/v2\/pages"}],"about":[{"href":"https:\/\/tropitech.cloud\/eng\/wp-json\/wp\/v2\/types\/page"}],"author":[{"embeddable":true,"href":"https:\/\/tropitech.cloud\/eng\/wp-json\/wp\/v2\/users\/1"}],"replies":[{"embeddable":true,"href":"https:\/\/tropitech.cloud\/eng\/wp-json\/wp\/v2\/comments?post=39"}],"version-history":[{"count":46,"href":"https:\/\/tropitech.cloud\/eng\/wp-json\/wp\/v2\/pages\/39\/revisions"}],"predecessor-version":[{"id":235,"href":"https:\/\/tropitech.cloud\/eng\/wp-json\/wp\/v2\/pages\/39\/revisions\/235"}],"wp:attachment":[{"href":"https:\/\/tropitech.cloud\/eng\/wp-json\/wp\/v2\/media?parent=39"}],"curies":[{"name":"wp","href":"https:\/\/api.w.org\/{rel}","templated":true}]}}